1 composite?
False
Is 145417 a composite number?
False
Is 951869 composite?
True
Is 1695707 composite?
True
Is 11821 a prime number?
True
Is 755279 composite?
True
Is 68273 prime?
False
Is 49193 prime?
True
Is 342629 a prime number?
False
Is 67 a prime number?
True
Is 7039 a composite number?
False
Is 1552757 a prime number?
True
Is 42239 composite?
False
Is 36833 a composite number?
False
Is 17849 a prime number?
False
Is 109751 a composite number?
False
Is 22189 prime?
True
Is 52483 prime?
False
Is 1094603 composite?
False
Is 461733 composite?
True
Is 116239 composite?
False
Is 14953 prime?
False
Is 165619 a prime number?
False
Is 1154849 a prime number?
True
Is 766421 a composite number?
False
Is 4175453 a prime number?
True
Is 691037 composite?
False
Is 75605 a composite number?
True
Is 20279 prime?
False
Is 291253 a composite number?
False
Is 125131 prime?
True
Is 2609 composite?
False
Is 737 composite?
True
Is 31607 a composite number?
False
Is 8553 a composite number?
True
Is 110407 a composite number?
True
Is 272953 a composite number?
True
Is 8717 a composite number?
True
Is 787289 composite?
False
Is 65299 composite?
True
Is 605537 prime?
False
Is 6163 prime?
True
Is 20365 composite?
True
Is 1211 prime?
False
Is 5489 composite?
True
Is 654323 a prime number?
True
Is 451541 composite?
False
Is 4327 a composite number?
False
Is 4627 composite?
True
Is 16087 prime?
True
Is 7669 a composite number?
False
Is 25837 a prime number?
False
Is 121029 prime?
False
Is 21557 a composite number?
False
Is 44246 prime?
False
Is 3137 a composite number?
False
Is 35859 prime?
False
Is 3722213 prime?
False
Is 110161 a composite number?
False
Is 808693 composite?
False
Is 19549 composite?
True
Is 24713 composite?
True
Is 104527 a prime number?
True
Is 76885 a prime number?
False
Is 29157 a composite number?
True
Is 39293 a prime number?
True
Is 3129277 composite?
True
Is 175255 prime?
False
Is 189741 composite?
True
Is 7187 composite?
False
Is 95 a composite number?
True
Is 1324567 a composite number?
False
Is 71977 composite?
True
Is 1316869 prime?
True
Is 591301 a prime number?
True
Is 63131 composite?
False
Is 10261 composite?
True
Is 614777 a prime number?
False
Is 3715 prime?
False
Is 5897 a composite number?
False
Is 1927597 a composite number?
True
Is 7573 composite?
False
Is 242267 a composite number?
True
Is 112771 composite?
False
Is 34015 composite?
True
Is 29395 composite?
True
Is 90353 prime?
True
Is 79 a prime number?
True
Is 1294561 a composite number?
False
Is 37641 a composite number?
True
Is 79721 composite?
True
Is 653879 prime?
True
Is 1452214 prime?
False
Is 5173 prime?
False
Is 4201 composite?
False
Is 149269 composite?
False
Is 3017 composite?
True
Is 691 a composite number?
False
Is 878257 a composite number?
True
Is 27473 a prime number?
False
Is 666493 a prime number?
True
Is 496049 prime?
False
Is 100931 prime?
True
Is 4967 composite?
False
Is 1879 a prime number?
True
Is 507691 a composite number?
False
Is 249017 a prime number?
True
Is 23399 prime?
True
Is 77003 composite?
False
Is 31561 a composite number?
True
Is 11369 a composite number?
False
Is 412771 a composite number?
False
Is 1437251 composite?
False
Is 76207 a composite number?
False
Is 180787 prime?
False
Is 435991 composite?
True
Is 31981 prime?
True
Is 22343 composite?
False
Is 269831 a prime number?
False
Is 119953 prime?
True
Is 497499 a composite number?
True
Is 102761 prime?
True
Is 640771 prime?
True
Is 11467 a prime number?
True
Is 25061 prime?
False
Is 39971 a composite number?
False
Is 14257 prime?
False
Is 133253 composite?
False
Is 2245 a composite number?
True
Is 44999 a prime number?
False
Is 607519 prime?
False
Is 302287 prime?
True
Is 330553 a prime number?
False
Is 16347 a composite number?
True
Is 25001 composite?
True
Is 14273 composite?
True
Is 699691 a composite number?
True
Is 138365 composite?
True
Is 78301 prime?
True
Is 82465 prime?
False
Is 337 prime?
True
Is 630373 composite?
True
Is 12247 prime?
False
Is 57089 composite?
False
Is 40781 composite?
True
Is 1087 a prime number?
True
Is 7249 prime?
False
Is 52757 a composite number?
False
Is 32365 a prime number?
False
Is 95869 a prime number?
True
Is 1226609 a prime number?
True
Is 10522 prime?
False
Is 13367 a composite number?
False
Is 206009 prime?
True
Is 14963 a composite number?
True
Is 631 a prime number?
True
Is 158639 a prime number?
False
Is 97985 a prime number?
False
Is 346627 prime?
True
Is 743 a prime number?
True
Is 287383 a prime number?
True
Is 4443121 a prime number?
True
Is 1026829 composite?
False
Is 1171 a prime number?
True
Is 65203 a prime number?
True
Is 2820941 prime?
True
Is 48446 a prime number?
False
Is 1041779 composite?
False
Is 565699 a prime number?
False
Is 445319 composite?
True
Is 434419 composite?
True
Is 307337 a prime number?
True
Is 1612099 prime?
False
Is 11185 a composite number?
True
Is 899143 a composite number?
True
Is 15931 a composite number?
True
Is 77929 prime?
True
Is 465893 a prime number?
True
Is 258847 a composite number?
False
Is 16999 a composite number?
True
Is 18539 prime?
True
Is 22409 a prime number?
True
Is 29303 composite?
False
Is 66893 a composite number?
True
Is 4621 prime?
True
Is 10793 composite?
True
Is 25013 a composite number?
False
Is 152651 a composite number?
True
Is 865067 a prime number?
False
Is 120746 composite?
True
Is 606709 a prime number?
False
Is 473399 prime?
False
Is 96953 prime?
True
Is 20441 prime?
True
Is 21139 composite?
False
Is 113327 a prime number?
True
Is 23354 prime?
False
Is 55373 composite?
False
Is 39661 composite?
True
Is 81061 a prime number?
False
Is 476701 a prime number?
True
Is 3455 a prime number?
False
Is 90749 composite?
False
Is 28807 composite?
False
Is 334931 a composite number?
False
Is 119003 prime?
False
Is 19 a prime number?
True
Is 919 a composite number?
False
Is 4661 a prime number?
False
Is 86627 composite?
False
Is 22699 a prime number?
True
Is 205837 prime?
True
Is 53659 composite?
True
Is 6081094 a prime number?
False
Is 92459 composite?
False
Is 23321 prime?
True
Is 63701 composite?
True
Is 31439 a prime number?
False
Is 10831 a prime number?
True
Is 180949 a prime number?
True
Is 112397 a composite number?
False
Is 123161 a prime number?
False
Is 46133 a composite number?
False
Is 42557 composite?
False
Is 436801 a composite number?
False
Is 16141 a prime number?
True
Is 1455385 prime?
False
Is 25301 a composite number?
False
Is 17957 composite?
False
Is 11131 a composite number?
False
Is 20593 composite?
False
Is 54907 a composite number?
False
Is 9131 a prime number?
False
Is 120617 prime?
False
Is 743 a prime number?
True
Is 825869 a composite number?
True
Is 11002 composite?
True
Is 5729 prime?
False
Is 318233 a prime number?
True
Is 22283 composite?
False
Is 1136929 composite?
True
Is 354533 prime?
True
Is 6421 a composite number?
False
Is 3802 composite?
True
Is 126367 a composite number?
True
Is 638567 a composite number?
False
Is 29417 prime?
False
Is 49597 a prime number?
True
Is 380951 a prime number?
True
Is 9961 a prime number?
False
Is 2073 composite?
True
Is 209383 a composite number?
True
Is 5127 prime?
False
Is 9413 a composite number?
False
Is 8083 a composite number?
True
Is 49947 composite?
True
Is 1471 prime?
True
Is 252115 composite?
True
Is 1751 a prime number?
False
Is 2917 a prime number?
True
Is 2827 a composite number?
True
Is 306554 a composite number?
True
Is 18923 composite?
True
Is 3247 a prime number?
False
Is 1481 composite?
False
Is 23957 prime?
True
Is 562231 a composite number?
False
Is 52961 a prime number?
False
Is 128237 prime?
True
Is 20477 composite?
False
Is 530479 composite?
True
Is 14509 prime?
False
Is 34297 a prime number?
True
Is 8935 composite?
True
Is 82717 a composite number?
True
Is 1101383 a composite number?
True
Is 13069 composite?
True
Is 1885307 a prime number?
True
Is 5129 a prime number?
False
Is 20431 a composite number?
False
Is 2873177 a composite number?
False
Is 26735 a prime number?
False
Is 153991 a prime number?
True
Is 125623 composite?
True
Is 2189 a prime number?
False
Is 27887 a prime number?
False
Is 839 prime?
True
Is 288901 prime?
False
Is 84047 a composite number?
False
Is 8953 a composite numbe